{"id":185,"date":"2023-10-29T09:49:39","date_gmt":"2023-10-29T08:49:39","guid":{"rendered":"https:\/\/christina-bernhardt.de\/?page_id=185"},"modified":"2024-05-28T20:18:35","modified_gmt":"2024-05-28T18:18:35","slug":"termine-2","status":"publish","type":"page","link":"https:\/\/christina-bernhardt.de\/index.php\/termine-2\/","title":{"rendered":"Vergangene Termine"},"content":{"rendered":"\n<figure class=\"wp-block-table\"><table><tbody><tr><td><em>Datum<\/em><\/td><td><em>Ort<\/em><\/td><td><em>Werk<\/em><\/td><td><em>Mitwirkende<\/em><\/td><\/tr><tr><td>14.04.2024<br><a href=\"https:\/\/www.edvard-grieg.de\/events\/unter-einem-himmel---spiel-und-dissonanzen-zweier-liebenden\">Infos unter<\/a><br><\/td><td>Grieg-Begegnungsst\u00e4tte Leipzig<\/td><td>&#8211; Unter einem Himmel &#8211; Spiel und Dissonanzen zweier Liebenden<\/td><td>Gesang\/Gitarre &#8211; Bj\u00f6rn Werner<\/td><\/tr><tr><td>17.03.2024<\/td><td>Alte M\u00fchle Tiefurt<\/td><td>Auf Fl\u00fcgeln des Gesangs, Kunstlieder am Nachmittag<\/td><td>Klavier &#8211; Mario Wiegand<\/td><\/tr><tr><td>14.02.2024<\/td><td>Veitskirche W\u00fcnschender<\/td><td>Konzert zum Tag des Hl. Valentin<\/td><td>Klavier &#8211; Michael K\u00fcmritz<\/td><\/tr><tr><td>31.12.2023<\/td><td>Kaufmannskirche Erfurt<\/td><td>Silvesterkonzert<\/td><td>Kammermusikverein Erfurt e.V.<\/td><\/tr><tr><td>30.12.2023<\/td><td>St. Johannes Baptist Jena<\/td><td>Gesang &amp; Orgel<\/td><td>Orgel &#8211; Jakob Sch\u00f6nborn-Dietz<\/td><\/tr><tr><td>26.12.2023<br><a href=\"https:\/\/www.kmv-erfurt.de\/veranstaltungen\/molsdorfer-schloss-konzerte\/\" target=\"_blank\" rel=\"noreferrer noopener\">Infos unter<\/a><\/td><td>Schloss Molsdorf<\/td><td>Weihnachtskonzert<\/td><td>Kammermusikverein Erfurt e.V.<\/td><\/tr><tr><td>10.12.2023<br><a href=\"https:\/\/www.theater-erfurt.de\/stuecke\/5-philharmonisches-kammerkonzert-2\" data-type=\"link\" data-id=\"https:\/\/www.theater-erfurt.de\/stuecke\/5-philharmonisches-kammerkonzert-2\" target=\"_blank\" rel=\"noreferrer noopener\">Infos unter theater-erfurt.de<\/a><\/td><td>Rathaus Erfurt<\/td><td>Adventskonzert<\/td><td>Kammermusikverein Erfurt e.V.<\/td><\/tr><tr><td>5.11.2023<\/td><td>Theater Altenburg Gera<\/td><td>&#8222;Verfolgung und R\u00fcckkehr&#8220; <br>Musik von H.-Chr. Bartel, A. Schnittke<\/td><td>Klavier &#8211; Yuri Ilinov<br>Musiker des Philharmonischen Orchesters Altenburg Gera<\/td><\/tr><tr><td>30.09.2023<\/td><td>K\u00fcnstlerhof Schreyahn<\/td><td>K\u00fcnstlerportrait J.K.Hilderbrandt<\/td><td>Fl\u00f6te &#8211; Marianna Sch\u00fcrmann<br>Cello &#8211; Daniel Guti\u00e9rrez<\/td><\/tr><tr><td>27.09.2023<\/td><td>Goethe Nationalmuseum Weimar<\/td><td>Kunstlieder zur Tagung &#8222;Gr\u00fcner Wohnen&#8220;<\/td><td>Klavier &#8211; Mario Wiegand<br>Vortrag &#8211; Prof. Dr. K. Holtmann und Prof. Dr. A. Polaschegg<\/td><\/tr><tr><td>2.09.2023<\/td><td>Kaufmannskirche Erfurt<\/td><td>Buch der Lieder, H. Heine,<br>op.48 R. Schumann<\/td><td>Leserin &#8211; Christina Bernhardt<br>Posaune &#8211; Hubertus Schmidt<br>Klavier &#8211; Dan K. Kurland<\/td><\/tr><tr><td>17.07.2023<\/td><td>Barf\u00fcsser Kirche Erfurt<\/td><td>Crossover <\/td><td>Klavier &#8211; Liene Henkel<\/td><\/tr><tr><td>8.07.2023<\/td><td>Kaufmannskirche Erfurt<\/td><td>\u2013 Unter einem Himmel \u2013&nbsp;<\/td><td>Levanti Duo<\/td><\/tr><tr><td>8.04.2023<\/td><td>Kaufmannskirche Erfurt<\/td><td>Ostergeschichte,<br>Osterkantate J.S.Bach<\/td><td>Leserin \u2013 Christina Bernhardt<br>Trio Youkali +<\/td><\/tr><tr><td>7.04.2023<\/td><td>Kaufmannskirche<\/td><td>Stabat mater, G.B.Pergolesi<\/td><td>Alt \u2013 Nadezhda Zelankova<br>Orgel \u2013 Wenying Wu<\/td><\/tr><tr><td>21.03.2023<\/td><td>Kaufmannskirche Erfurt<\/td><td>Happy Birthday J.S.Bach<\/td><td>Trio Youkali +<\/td><\/tr><tr><td>8.01.2023<\/td><td>St. Petrikirche S\u00f6mmerda<\/td><td>Messiah, G. F. H\u00e4ndel<\/td><td>Leitung \u2013 Christine Cremer<br>Th\u00fcringenBarock<\/td><\/tr><tr><td>31.10.2022<\/td><td>Erl\u00f6serkirche Niebra<\/td><td>Sch\u00fctz, Bach, H\u00e4ndel, Mendelssohn<\/td><td>Trompete \u2013 Carsten Tupaika<br>Orgel \u2013 Benjamin Stielau<\/td><\/tr><tr><td>28.10.2022<br><a rel=\"noreferrer noopener\" href=\"https:\/\/web.archive.org\/web\/20230323194228\/https:\/\/www.christina-bernhardt.de\/levanti-duo\" target=\"_blank\">Mehr Infos<\/a><\/td><td>Erfurt<\/td><td>\u2013 Unter einem Himmel \u2013&nbsp;<\/td><td>Levanti Duo<\/td><\/tr><tr><td>9.10.2022<\/td><td>Rathaus Erfurt<\/td><td>Komm mit ins Land der Tr\u00e4ume<\/td><td>Trio Youkali<\/td><\/tr><tr><td>11.09.2022<\/td><td>Kaufmannskirche Erfurt<\/td><td>*Remember me*<\/td><td>Orgel \u2013 Jakob Dietz<\/td><\/tr><tr><td>1.07.-15.07.2022<br>21 Uhr<br><a href=\"https:\/\/web.archive.org\/web\/20230323194228\/https:\/\/theater-altenburg-gera.de\/stuecke-konzerte\/krabat-1396\/\" target=\"_blank\" rel=\"noreferrer noopener\">Mehr Infos<\/a><\/td><td>Bockwindm\u00fchle Lumpzig<\/td><td>Krabat \u2013 das Musical<\/td><td>Leitung, Komposition \u2013 Olaf Kr\u00f6ger<br><br>Regie, Textfassung \u2013 Manuel Kressin<\/td><\/tr><tr><td>27.06.2022<br>18 Uhr<br><a rel=\"noreferrer noopener\" href=\"https:\/\/web.archive.org\/web\/20230323194228\/https:\/\/www.christina-bernhardt.de\/levanti-duo\" target=\"_blank\">Mehr Infos<\/a><\/td><td>St. Christophoruskirche Tiefurt<\/td><td>\u2013 Unter einem Himmel \u2013&nbsp;<\/td><td>Levanti Duo<\/td><\/tr><tr><td>24.06.2022<br>17 Uhr<\/td><td>St. Martini Kirche, Herrnschwende<\/td><td>\u201eDie gr\u00f6\u00dften Komponisten zu den l\u00e4ngsten Tagen im Jahr\u201c<\/td><td>Trompete \u2013 Carsten Tupaika<br>Orgel \u2013 Benjamin Stielau<\/td><\/tr><tr><td>12.06.2022<br>19 Uhr<\/td><td>Schloss Schmalkalden<\/td><td>\u201eKomm mit ins Land der Tr\u00e4ume\u201c<\/td><td>Trio Youkali<br>Klavier \u2013 Liene Henkel<br>Cello \u2013 Eugen Mantu<\/td><\/tr><tr><td>8.05.2022<br>15:30<br><a href=\"https:\/\/web.archive.org\/web\/20230323194228\/https:\/\/www.kmv-erfurt.de\/veranstaltungen\/philharmonische-konzerte\/\">Mehr Infos<\/a><\/td><td>Kaufmannskirche Erfurt<\/td><td>2.Philharmonisches Konzert<\/td><td>Philharmonische Cellisten<\/td><\/tr><tr><td>15.04.2022<br>10 Uhr<\/td><td>Lutherische Rudolstadt<\/td><td>Kantate \u201eHilf, S\u00fcndentilger, Heil der Erde\u201c, G. Gebel<\/td><td>Leitung \u2013 KMD Katja Bettenhausen<br><br>Th\u00fcringenBarock<\/td><\/tr><tr><td>14.04.2022<br>10:30<\/td><td>Klosterkirche St.Peter und Paul Erfurt<\/td><td>Saisoner\u00f6ffnung der Stiftung Th\u00fcringer Schl\u00f6sser<\/td><td>Trio Youkali:<br>Klavier \u2013 Liene Henkel<br>Cello \u2013 Eugen Mantu<\/td><\/tr><tr><td>27.03.2022<br>18 Uhr<br><a rel=\"noreferrer noopener\" href=\"https:\/\/web.archive.org\/web\/20230323194228\/https:\/\/www.christina-bernhardt.de\/levanti-duo\" target=\"_blank\">Mehr Infos<\/a><\/td><td>Stadtkirche Jena<\/td><td>Vesper<\/td><td>Levanti Duo<\/td><\/tr><tr><td>25.03.2022<br>19 Uhr<\/td><td>Galerie Rothamel Erfurt<\/td><td>Vernissage<\/td><td>Trio Youkali:<br>Klavier \u2013 Liene Henkel<br>Cello \u2013 Eugen Mantu<\/td><\/tr><tr><td>20.03.2022<br>10 Uhr<\/td><td>Lutherkirche Rudolstadt&nbsp;<\/td><td>BWV 22 \u201eJesus nahm zu sich die Zw\u00f6lfe\u201c<\/td><td>Leitung \u2013 KMD Katja Bettenhausen<br><br>Th\u00fcringenBarock<\/td><\/tr><tr><td><s>9.01.2022&nbsp;<\/s><strong>ABGESAGT<\/strong><\/td><td>Falkenstein<\/td><td>Neujahrskonzert<\/td><td>Leitung \u2013 MD Reinhardt Naumann<br><br>Kammerphilharmonie Miriquidi<\/td><\/tr><tr><td><s>12.12.2021<\/s><strong>ABGESAGT<\/strong><\/td><td>Martin-Luther-Kirche, Bad Schlema<\/td><td>Adventskonzert<\/td><td>Leitung \u2013 MD Reinhardt Naumann<br><br>Kammerphilharmonie Miriquidi<\/td><\/tr><tr><td>5.12.2021<\/td><td>Franziskuskirche S\u00f6mmerda<\/td><td>Adventskonzert<\/td><td>Alt \u2013 Karin Eger<br><br>Leitung \u2013 Christine Cremer<br><br>Th\u00fcringenBarock<\/td><\/tr><tr><td>23.10.2021<\/td><td>Teutschnethal<\/td><td>Galaprogramm<\/td><td>Mezzosopran \u2013 Kristin Mantyla<br><br>Tenor \u2013 Alexander Voigt<br><br>Leitung \u2013 MD Reinhardt Naumann<br><br>Kammerphilharmonie Miriquidi<\/td><\/tr><tr><td>29.08.2021<\/td><td>St. Veits Kirche, Artern<\/td><td>Nachmittagsmatin\u00e9e<\/td><td>Gesang \u2013 G\u00f6tz Schneegass,Fritz \u2013 Dieter Kupfernagel<br>Klavier \u2013 MD Reinhardt Naumann&nbsp;<\/td><\/tr><tr><td>28.08.2021<\/td><td>Grieg Begegnungsst\u00e4tte Leipzig<\/td><td>Kunstlieder der Romantik<\/td><td>Klavier \u2013 Cristian Dirnea<\/td><\/tr><tr><td>2.07. \u2013 2.08. 2021<\/td><td>Theater Gera Altenburg<\/td><td>\u201eKrabat\u201c \u2013 das Musical<\/td><td>Leitung, Komposition \u2013 Olaf Kr\u00f6ger<br><br>Regie, Textfassung \u2013 Manuel Kressin<\/td><\/tr><tr><td>16.01.2021<\/td><td>Bauhaus Universit\u00e4t Weimar<br>Farbgestaltung<br>Digital<\/td><td>Como la cierva, Arvo P\u00e4rt<\/td><td>Klavier, Arrangement \u2013 Yuri Ilynov<\/td><\/tr><tr><td>6.08.\/<br>13.08.2020<br><br><a href=\"https:\/\/web.archive.org\/web\/20230323194228\/https:\/\/youtu.be\/6DUJ3Zm5JA8\">Mehr Info<\/a><\/td><td>Alte Feuerwache<\/td><td>Romantik mit Abstand<\/td><td>Violine \u2013 Maximilian H\u00f6rmeyer<br><br>Klavier \u2013 Yuri Ilynov<\/td><\/tr><tr><td>27.10.2019<\/td><td>Wei\u00dfes Haus, Markkleeberg<\/td><td>Operetten-Gala<\/td><td>Tenor \u2013 Sebastian Fuchsberger<br><br>Klavier \u2013 Karl-Heinz M\u00fcller<\/td><\/tr><tr><td>29.09.2019<\/td><td>Theater Gera, Konzertsaal<\/td><td>As-Dur Messe, F. Schubert<\/td><td>Leitung \u2013 Christian Frank&nbsp;&nbsp;Konzertchor des Goethe-Gymnasiums Gera<\/td><\/tr><tr><td>15.09.2019<\/td><td>Lindenau-Museum, Altenburg<\/td><td>M\u00e9d\u00e9e, L. Cherubini<\/td><td>Klavier \u2013 Olav Kr\u00f6ger<\/td><\/tr><tr><td>11.08.2019&nbsp;&nbsp;<a rel=\"noreferrer noopener\" href=\"https:\/\/web.archive.org\/web\/20230323194228\/https:\/\/altenburger-musikfestival.de\/kuenstler\/festsaal\/index.html\" target=\"_blank\">Mehr Infos<\/a><\/td><td>Altenburger Musikfestival<\/td><td>Operettengala<\/td><td>Salonorchester CAPPUCINO<\/td><\/tr><tr><td>19.07.2019&nbsp;<a href=\"https:\/\/web.archive.org\/web\/20230323194228\/https:\/\/www.weimarer-sommer.de\/programm\/veranstaltung\/eroeffnungskonzert-148749\/\" target=\"_blank\" rel=\"noreferrer noopener\">Mehr Infos<\/a><\/td><td>Sommertheater Tiefurt<\/td><td>Er\u00f6ffnungskonzert&nbsp;Eine blaue Sommernacht<\/td><td>Streichquartett u.d. Leitung v. Emanuel Winter<\/td><\/tr><tr><td>14.07.2019<\/td><td>Schloss im Robert-Koch-Park, Leipzig<\/td><td>Operette mit Alexender Voigt<\/td><td><br><br><br>Violine \u2013 Christine Blumenstein<br><br>Klavier \u2013 Alexander K\u00f6hler<\/td><\/tr><\/tbody><\/table><\/figure>\n","protected":false},"excerpt":{"rendered":"<p>Datum Ort Werk Mitwirkende 14.04.2024Infos unter Grieg-Begegnungsst\u00e4tte Leipzig &#8211; Unter einem Himmel &#8211; Spiel und Dissonanzen zweier Liebenden Gesang\/Gitarre &#8211; Bj\u00f6rn Werner 17.03.2024 Alte M\u00fchle Tiefurt Auf Fl\u00fcgeln des Gesangs, Kunstlieder am Nachmittag Klavier &#8211; Mario Wiegand 14.02.2024 Veitskirche W\u00fcnschender Konzert zum Tag des Hl. Valentin Klavier &#8211; Michael K\u00fcmritz 31.12.2023 Kaufmannskirche Erfurt Silvesterkonzert Kammermusikverein [&hellip;]<\/p>\n","protected":false},"author":1,"featured_media":0,"parent":0,"menu_order":0,"comment_status":"closed","ping_status":"closed","template":"","meta":{"footnotes":""},"class_list":["post-185","page","type-page","status-publish","hentry"],"_links":{"self":[{"href":"https:\/\/christina-bernhardt.de\/index.php\/wp-json\/wp\/v2\/pages\/185","targetHints":{"allow":["GET"]}}],"collection":[{"href":"https:\/\/christina-bernhardt.de\/index.php\/wp-json\/wp\/v2\/pages"}],"about":[{"href":"https:\/\/christina-bernhardt.de\/index.php\/wp-json\/wp\/v2\/types\/page"}],"author":[{"embeddable":true,"href":"https:\/\/christina-bernhardt.de\/index.php\/wp-json\/wp\/v2\/users\/1"}],"replies":[{"embeddable":true,"href":"https:\/\/christina-bernhardt.de\/index.php\/wp-json\/wp\/v2\/comments?post=185"}],"version-history":[{"count":15,"href":"https:\/\/christina-bernhardt.de\/index.php\/wp-json\/wp\/v2\/pages\/185\/revisions"}],"predecessor-version":[{"id":411,"href":"https:\/\/christina-bernhardt.de\/index.php\/wp-json\/wp\/v2\/pages\/185\/revisions\/411"}],"wp:attachment":[{"href":"https:\/\/christina-bernhardt.de\/index.php\/wp-json\/wp\/v2\/media?parent=185"}],"curies":[{"name":"wp","href":"https:\/\/api.w.org\/{rel}","templated":true}]}}